by w?
25
Let t be 654/30 + 1/5. Let g = -5 + t. Suppose 5*v + 25 = 0, -4*p + 3*p + 2*v = -g. Calculate the remainder when 12 is divided by p.
5
Suppose 0 = -5*t + 60 + 10. Suppose 4*y + 44 = 264. What is the remainder when y is divided by t?
13
Let d = -2 + 7. Suppose -4*b + 60 = 5*n + d, -4*n - 4*b + 40 = 0. Calculate the remainder when 28 is divided by n.
13
Suppose -a - 2*f + 41 = 2*a, -6 = 3*f. What is the remainder when a is divided by 12*(125/(-45) + 3)*3?
7
Let z = 109 - 63. Calculate the remainder when 226 is divided by z.
42
Suppose -5*g + 14 = 2*t, 0*g + t - 6 = -2*g. Suppose -g*b + 51 = b. Calculate the remainder when 31 is divided by b.
14
Let m(i) = i**3 + 10*i**2 - 14*i - 2. Calculate the remainder when m(-11) is divided by 4.
3
Suppose j + 3*x + 20 = 0, -j + 4*x = -0*j - 8. Let t = j + 9. Let z(f) = -f**2 - 4*f + 6. What is the remainder when z(-5) is divided by t?
0
Suppose -t - 3 = -0*t. Let g = t + 3. Suppose g = -j - 3*r + r + 1, -2*j = 2*r - 12. Calculate the remainder when 31 is divided by j.
9
Let s = 11 - 26. What is the remainder when 77 is divided by ((-32)/(-12))/(-2)*s?
17
Suppose 135 = 5*u - 5*f, -4*f = 4*u - 9*f - 109. Calculate the remainder when u is divided by 15.
11
Suppose -d = 3*z - 173, -3*d + 2*d = -5. Suppose -4*y = -8*y + z. What is the remainder when 41 is divided by y?
13
Suppose 4*b + 21 = 5*s, 2*s + 0*s = 10. What is the remainder when 20 is divided by b?
0
Let d(p) = -p**3 + p**2 + p + 1. Calculate the remainder when 22 - (3 - 9)/(-3) is divided by d(-2).
9
Suppose 8*b = 4*b + 8. Suppose -3*j = -5*x + 2*j + 45, 2*x - 18 = -2*j. Calculate the remainder when (-25)/(4/b - 3) is divided by x.
7
Let a = -5 - -14. Suppose -z - a = -4*z. What is the remainder when 2 is divided by (-4 + 1)*(-1)/z?
0
Let p be (-28)/((-2 + 1)*1). What is the remainder when 13 is divided by (-2)/7 - (-148)/p?
3
Suppose 3*k = -2*t + 132, -3*k + 11 + 61 = t. Calculate the remainder when t is divided by 16.
12
Let y(c) = c**3 + 5*c**2 - 3*c + 16. Calculate the remainder when y(-5) is divided by 8.
7
Let b(f) = 3*f**2 + 2*f - 2. What is the remainder when b(3) is divided by 8?
7
Let i be 2 - (-16)/2*6. Let r = -16 + i. Calculate the remainder when r is divided by 12.
10
Let v = 9 - -15. What is the remainder when v is divided by 3/((11/(33/(-18)))/(-10))?
4
Let w be -1*(0 - 2)*8. Suppose -4*t + w = -0*t. Let k = t + 2. What is the remainder when 10 is divided by k?
4
Let t be (-2)/11 - (-171)/33. Let k(i) = -i - 6. Let o be k(t). Let b(h) = h**3 + 12*h**2 + 9*h - 11. Calculate the remainder when 30 is divided by b(o).
8
Let z = 4 - 2. Suppose h + 4*h - 2*a = 131, -z*a = 2*h - 58. Suppose -4*m - 82 = -5*f, -3*f - 2*m + 54 = -6*m. What is the remainder when h is divided by f?
13
Let u = 91 + 6. Calculate the remainder when u is divided by 34.
29
Let z be 1 + 1 + -2 + -2. Let h be 2*z*(-9)/12. Calculate the remainder when 1 + h*7 + -1 is divided by 11.
10
Suppose 5*c = -20, 3*g + 58 = -2*c + 149. What is the remainder when g is divided by 7?
5
Let v = -4 - -6. Let q be (-2)/(-3*v)*0. Suppose q = w, -5*m + 3*w + 20 = w. Calculate the remainder when 11 is divided by m.
3
What is the remainder when 38 is divided by (-2)/8*(-468)/9?
12
Let j = -53 - -108. Calculate the remainder when j is divided by 28.
27
Suppose -5*m - 29 = -4*c, -6*c + 4*c + 13 = -m. Suppose 0*d + 2*d + 42 = 0. What is the remainder when (14/d)/(2/(-51)) is divided by c?
5
Suppose -d - d = -98. Calculate the remainder when d is divided by (-206)/(-1339) - 167/(-13).
10
Let n be (1 - 3)/(0 + -1). Suppose -19 = -z + 2*z + n*w, -5*z - 4*w = 107. Let l = -10 - z. What is the remainder when 38 is divided by l?
12
Let a = -1 - -4. What is the remainder when a is divided by 1?
0
Suppose -n = 3, 4*n = -8*j + 7*j + 270. Calculate the remainder when j is divided by 57.
54
Let w = 3 - 1. Suppose -18 = -3*b + 15. What is the remainder when (w/4)/((-1)/(-42)) is divided by b?
10
Let q be (-8)/(4/((-4)/2)). Let h be q/5*(-15)/(-6). Suppose -7*b + 180 = -h*b. What is the remainder when b is divided by 19?
17
Let q(x) = -2*x + 16. Let f be q(8). Let v(s) = s - 21. Let a(z) = z - 1. Let b(t) = 2*a(t) - v(t). Calculate the remainder when b(f) is divided by 10.
9
Let p(n) = n + 5*n**2 + 0*n**2 + 0*n**2. Let c(u) = u + 6. Calculate the remainder when c(0) is divided by p(-1).
2
Suppose 4*n - d = 51, -2*n + 37 = -5*d - 2. Suppose 3*h - 42 = 24. Calculate the remainder when h is divided by n.
10
Suppose 2*y - 5 = 7. Suppose 68 = y*z - 2*z. Suppose -3*n - 16 = -q + 23, 2*q + n = 64. Calculate the remainder when q is divided by z.
16
Let z = -4 - -7. Suppose -w = z*w - 8. Suppose 2*b + 2*a = 0, -2*b + 3*b = 4*a + 25. What is the remainder when b is divided by w?
1
Let q(f) = f**3 + f. Let z be q(4). Calculate the remainder when 19 is divided by z/7 - (-4)/14.
9
Suppose 3*f + 2 = -3*y + 5, y - 5*f = 13. Suppose -y*k - 5 + 38 = 0. What is the remainder when 935/30 - (-2)/(-12) is divided by k?
9
Let s = -13 - -2. Let y(f) = f**3 + 11*f**2 + f + 11. Let k be y(s). Suppose g + k*g = 16. Calculate the remainder when 46 is divided by g.
14
Suppose -24 - 3 = -r. Calculate the remainder when r is divided by 15.
12
Suppose 0*q - 1 = q. What is the remainder when ((-2)/3)/(2/(-3)) is divided by q*3/(1*-3)?
0
Suppose -u + 2 + 1 = 0. Let d = 0 + 2. Suppose -d*x + 22 = -s + 4, -4*s = 3*x - 16. Calculate the remainder when x is divided by u.
2
Let m(a) = 5*a + 4. Suppose 3*b + d - 30 = 3*d, -69 = -5*b - 3*d. What is the remainder when m(6) is divided by b?
10
Let u = -42 - -23. Calculate the remainder when (-10 + 8)*u/2 is divided by 5.
4
Calculate the remainder when 1/(4/496) + (-1 - -3) is divided by 43.
40
Let s(r) = 15*r**3 + r**2 + r - 1. Calculate the remainder when 46 is divided by s(1).
14
Let d = 4 - 0. What is the remainder when (-13)/(-2) + 2/(-4) is divided by d?
2
Let i = 197 + -131. Suppose 3*p = 7*p - y - i, -4*p = -2*y - 68. What is the remainder when 61 is divided by p?
13
Suppose 14 = k - 10. What is the remainder when k is divided by 17?
7
Suppose -5*k - 168 = -4*j, 0*j + 231 = 5*j - k. What is the remainder when j is divided by 16?
15
Let j = 43 + -35. Calculate the remainder when j is divided by 5.
3
Calculate the remainder when (-12)/(-18) - (-273)/9 is divided by 16.
15
Suppose -2*u + 42 = u. Suppose 8*p - 2 = 206. What is the remainder when p is divided by u?
12
Suppose -3*c + 0*c = -30. Suppose 0 = 5*a, -r - 54 = -3*r - 5*a. Calculate the remainder when r is divided by c.
7
Let d = 108 - 91. What is the remainder when 33 is divided by d?
16
Let t = -11 + -5. Let b = t - -26. Suppose -175 = -5*q - 5*f, 5*q + 4*f = 20 + 157. What is the remainder when q is divided by b?
7
Suppose 4*p + 0*p = 216. Suppose -10*b = -8*b - 28. Calculate the remainder when p is divided by b.
12
Let y = 84 + -65. Suppose 0 + 55 = 5*b. What is the remainder when y is divided by b?
8
Let n = -14 + 62. Calculate the remainder when n is divided by 10.
8
Suppose 0*h = -3*h + 39. Calculate the remainder when h is divided by 5.
3
Suppose 4*p - 3*p - 3*v + 5 = 0, -p = v - 3. Let f = -14 - -10. Let t = -3 - f. What is the remainder when t is divided by p?
0
Suppose -10 = 3*t + 2*t. Let o be -1 + 3 + t - -5. Suppose w - 2*y = -5, o*w = -y - 5 + 13. What is the remainder when 1 is divided by w?
0
Suppose -5*f - 161 = -3*a, 64 = 5*a - f - 175. What is the remainder when a is divided by 12?
11
Let v(l) be the third derivative of 1/120*l**6 + 0*l - 1/6*l**3 + 0 - l**2 + 5/24*l**4 + 7/60*l**5. Calculate the remainder when v(-4) is divided by 14.
13
Let y = 23 - 1. Suppose 4*q - 24 = -4*x, 4*x = 5*q + 8 - 2. Suppose -2*f = -4*h - x, -3*f - 2*h = -11 - 35. What is the remainder when y is divided by f?
10
Let a(l) = -l**2 - 8*l + 5. Let r be a(-8). Let b = -14 + 20. Suppose 2*o = -b, -4*o + 1 = -r*h + 58. What is the remainder when 26 is divided by h?
8
Let r(o) = 4*o + 19. Let x(a) = -11*a - 56. Let k(p) = -8*r(p) - 3*x(p). Let b = 34 - 23. Calculate the remainder when k(b) is divided by 7.
6
Suppose 6*n - n = -r + 403, -413 = -5*n + 4*r. What is the remainder when n is divided by (14/6)/((-2)/(-24))?
25
Suppose 2*o + 64 = n - o, -118 = -2*n + 4*o. Calculate the remainder when n is divided by 14.
7
Let h be 9*1*6/27. 